?
0
What is the tens digit of 4201543?
4
What is the tens digit of 1922345?
4
What is the ten thousands digit of 379118?
7
What is the tens digit of 13242459?
5
What is the units digit of 408230?
0
What is the hundred thousands digit of 17871028?
8
What is the units digit of 6130917?
7
What is the ten thousands digit of 6457879?
5
What is the units digit of 1422934?
4
What is the hundred thousands digit of 6906853?
9
What is the tens digit of 3695884?
8
What is the tens digit of 4734965?
6
What is the thousands digit of 825427?
5
What is the hundred thousands digit of 2093332?
0
What is the ten thousands digit of 12076699?
7
What is the thousands digit of 1896539?
6
What is the hundreds digit of 170491?
4
What is the thousands digit of 26789851?
9
What is the tens digit of 33040?
4
What is the hundreds digit of 808674?
6
What is the tens digit of 4899939?
3
What is the hundred thousands digit of 355586?
3
What is the units digit of 463851?
1
What is the hundreds digit of 6007915?
9
What is the millions digit of 1420546?
1
What is the hundred thousands digit of 13030450?
0
What is the hundreds digit of 982470?
4
What is the thousands digit of 158776?
8
What is the tens digit of 64813?
1
What is the ten thousands digit of 1076810?
7
What is the units digit of 9086888?
8
What is the hundreds digit of 9694600?
6
What is the thousands digit of 7531596?
1
What is the thousands digit of 3067938?
7
What is the units digit of 37421253?
3
What is the millions digit of 20559744?
0
What is the units digit of 592152?
2
What is the units digit of 1807195?
5
What is the ten thousands digit of 14714?
1
What is the hundreds digit of 22187643?
6
What is the hundred thousands digit of 1127363?
1
What is the ten thousands digit of 625067?
2
What is the ten thousands digit of 505073?
0
What is the tens digit of 3608590?
9
What is the units digit of 3442753?
3
What is the tens digit of 9857708?
0
What is the tens digit of 7989?
8
What is the hundreds digit of 166016?
0
What is the thousands digit of 108610?
8
What is the units digit of 6974802?
2
What is the units digit of 594901?
1
What is the tens digit of 51398?
9
What is the thousands digit of 26049818?
9
What is the hundreds digit of 1980354?
3
What is the units digit of 946863?
3
What is the thousands digit of 66066?
6
What is the units digit of 234202?
2
What is the hundreds digit of 257828?
8
What is the thousands digit of 7950661?
0
What is the hundred thousands digit of 1947806?
9
What is the ten thousands digit of 452819?
5
What is the ten thousands digit of 3716513?
1
What is the millions digit of 9727107?
9
What is the units digit of 80422?
2
What is the thousands digit of 2542203?
2
What is the tens digit of 2257066?
6
What is the ten thousands digit of 3485273?
8
What is the thousands digit of 2615752?
5
What is the millions digit of 1791003?
1
What is the hundred thousands digit of 5336953?
3
What is the thousands digit of 1076180?
6
What is the ten thousands digit of 7774784?
7
What is the tens digit of 28318?
1
What is the hundreds digit of 5196790?
7
What is the units digit of 2902715?
5
What is the hundred thousands digit of 1231499?
2
What is the thousands digit of 645137?
5
What is the thousands digit of 208413?
8
What is the hundred thousands digit of 247343?
2
What is the thousands digit of 258352?
8
What is the tens digit of 4241070?
7
What is the units digit of 26314816?
6
What is the hundred thousands digit of 344702?
3
What is the tens digit of 11520443?
4
What is the tens digit of 932778?
7
What is the thousands digit of 962936?
2
What is the hundred thousands digit of 758554?
7
What is the tens digit of 213890?
9
What is the units digit of 671188?
8
What is the tens digit of 376697?
9
What is the tens digit of 6980543?
4
What is the hundreds digit of 132750?
7
What is the hundred thousands digit of 4468338?
4
What is the hundred thousands digit of 1003757?
0
What is the units digit of 1575255?
5
What is the tens digit of 401825?
2
What is the hundred thousands digit of 2663389?
6
What is the hundreds digit of 408573?
5
What is the hundred thousands digit of 1237220?
2
What is the ten thousands digit of 949407?
4
What is the hundred thousands digit of 4506046?
5
What is the units digit of 315749?
9
What is the tens digit of 15797724?
2
What is the tens digit of 235526?
2
What is the hundreds digit of 5075569?
5
What is the millions digit of 12384894?
2
What is the thousands digit of 54617?
4
What is the ten thousands digit of 4484153?
8
What is the thousands digit of 267409?
7
What is the thousands digit of 2063592?
3
What is the tens digit of 735998?
9
What is the units digit of 92397?
7
What is the units digit of 9441863?
3
What is the hundred thousands digit of 165653?
1
What is the tens digit of 3965986?
8
What is the thousands digit of 402701?
2
What is the thousands digit of 243182?
3
What is the hundred thousands digit of 4811615?
8
What is the hundred thousands digit of 473215?
4
What is the hundreds digit of 303865?
8
What is the hundreds digit of 7390006?
0
What is the units digit of 256209?
9
What is the thousands digit of 654313?
4
What is the tens digit of 3030690?
9
What is the units digit of 1620499?
9
What is the millions digit of 1829744?
1
What is the hundreds digit of 22238?
2
What is the hundreds digit of 6534733?
7
What is the units digit of 906271?
1
What is the units digit of 503347?
7
What is the tens digit of 5197016?
1
What is the hundred thousands digit of 3985321?
9
What is the hundred thousands digit of 698361?
6
What is the ten thousands digit of 225940?
2
What is the thousands digit of 248590?
8
What is the tens digit of 6560615?
1
What is the hundred thousands digit of 604128?
6
What is the tens digit of 4935378?
7
What is the ten thousands digit of 4550422?
5
What is the units digit of 74825?
5
What is the units digit of 68278?
8
What is the hundreds digit of 666097?
0
What is the hundreds digit of 629774?
7
What is the tens digit of 868692?
9
What is the hundreds digit of 671021?
0
What is the units digit of 130546?
6
What is the units digit of 77298?
8
What is the thousands digit of 41555?
1
What is the tens digit of 4510897?
9
What is the ten thousands digit of 233436?
3
What is the ten thousands digit of 882655?
8
What is the ten millions digit of 14617384?
1
What is the tens digit of 75206?
0
What is the thousands digit of 310365?
0
What is the hundred thousands digit of 501018?
5
What is the hundred thousands digit of 443144?
4
What is the hundred thousands digit of 496615?
4
What is the hundreds digit of 6367417?
4
What is the thousands digit of 610151?
0
What is the hundreds digit of 638321?
3
What is the hundreds digit of 231834?
8
What is the hundreds digit of 524796?
7
What is the hundred thousands digit of 243093?
2
What is the hundreds digit of 209929?
9
What is the units digit of 227846?
6
What is the hundreds digit of 6786470?
4
What is the millions digit of 1574552?
1
What is the ten millions digit of 26073579?
2
What is the millions digit of 3776431?
3
What is the hundred thousands digit of 694183?
6
What is the hundreds digit of 2906937?
9
What is the ten thousands digit of 263476?
6
What is the units digit of 15522421?
1
What is the units digit of 2897980?
0
What is the thousands digit of 1740155?
0
What is the units digit of 624819?
9
What is the tens digit of 545687?
8
What is the tens digit of 1850020?
2
What is the hundred thousands digit of 2789829?
7
What is the thousands digit of 739831?
9
What is the tens digit of 897835?
3
What is the ten thousands digit of 724667?
2
What is the hundred thousands digit of 6867962?
8
What is the ten thousands digit of 15773994?
7
What is the thousands digit of 3744554?
4
What is the ten thousands digit of 175205?
7
What is the hundred thousands digit of 1153617?
1
What is the units digit of 489529?
9
What is the ten thousands digit of 823289?
2
What is the millions digit of 1385617?
1
What is the ten thousands digit of 1498834?
9
What is the tens digit of 1454883?
8
What is the ten thousands digit of 10883555?
8
What is the units digit of 354976?
6
What is the tens digit of 114105?
0
What is the ten thousands digit of 12953532?
5
What is the millions digit of 4363335?
4
What is the ten tho